- 20*j + 41. Let z be l(18). Determine a(z).
-2
Suppose 2*w - 5*b = 5*w - 48, 0 = 2*b. Let p(g) = g - 19 + 34 - w. Calculate p(5).
4
Suppose 0*i - 15 = -5*i. Suppose -4*q - 1 = -5*h, -h + 0*h = i*q - 4. Let f(u) be the third derivative of -u**4/12 - u**3/6 + u**2. What is f(h)?
-3
Let l = 12 + -7. Let n(u) = -2 + 3*u - l*u + u**2 + 5*u - 2. What is n(-5)?
6
Let k(f) = -f - 4. Let w(o) = -3*o - 6. Let i(c) = 5*k(c) - 2*w(c). Give i(0).
-8
Let q = -76 + 72. Let y(j) = -j**3 - 4*j**2 + j + 5. Calculate y(q).
1
Let h = -1 - -1. Let p = h - -4. Let j(y) = -11*y**3 + 20*y**2 + 3*y + 8. Let d(l) = 4*l**3 - 7*l**2 - l - 3. Let r(x) = -8*d(x) - 3*j(x). What is r(p)?
-4
Let z(c) = 2*c**3 - 2*c**2 + 3*c - 1. Suppose 0 = -2*h - m, 0 = -5*h - 7*m + 3*m - 6. Determine z(h).
13
Let z(v) be the second derivative of -v**4/12 - v**3/2 + 2*v**2 + 8*v. Give z(-3).
4
Let r(t) be the first derivative of 2*t**3/3 - t**2 + t + 7. What is r(1)?
1
Let i(v) = 3 + 2 - 28*v**2 + 3*v + 54*v**2 - 27*v**2. Determine i(5).
-5
Let r(p) be the third derivative of p**9/60480 - p**8/3360 - p**7/2520 + p**6/120 + p**5/30 + 4*p**2. Let m(o) be the third derivative of r(o). Calculate m(6).
-6
Suppose -3*p = 5*a - 2, 3*a - 29 + 5 = 2*p. Let w be (-11)/(-3) - 2/p. Suppose -l + 15 = -w*l. Let z(t) = -t**3 - 5*t**2 - t + 4. What is z(l)?
9
Let s(c) = c**2 - c + 9. Let t = 1 - -1. Let p(b) = 3*b - 10. Let x be p(5). Suppose -3*g + x = -t*m + m, 5*g - 15 = 3*m. Determine s(g).
9
Let g(i) be the second derivative of i**3/6 - 5*i**2/2 + i. Let q = 13 - 9. Calculate g(q).
-1
Let b(j) = -j**2 + 10. Let v(o) = o**2 + 6*o + 7. Let t be v(-7). Suppose 3*a + 0*a = 0. Suppose -4*w + 2*n + 10 = a, -4*w - 3*n = t + 1. What is b(w)?
10
Let q = 8 + -5. Suppose -q*m + 6*m = 3*g + 15, -2*g - m + 2 = 0. Let v(n) be the second derivative of n**3 + n**2/2 - n. Give v(g).
-5
Let v(f) be the first derivative of -13*f**2/2 + f + 9. Calculate v(-1).
14
Let i(t) be the second derivative of -t**3/6 - 5*t**2 + 3*t. Give i(-7).
-3
Let w(h) = -h**2 + 5*h + 3. Let n be w(5). Let k(x) = -5*x**3 + n*x**3 + 4*x + 3*x**3 + 7 - 7*x**2 + 0*x. Determine k(6).
-5
Let l(p) = -1 - p + 6*p**2 + 3 - 4 + 1. Let v(t) = -t**3 - 7*t**2 - t - 8. Let h = -1 - 6. Let f be v(h). Determine l(f).
6
Let r(v) = -v**3 + 4*v**2 + 4*v - 1. Let s = 4 - -1. What is r(s)?
-6
Suppose 2*v = -2 + 8. Let y = v - 2. Let m(z) = 4*z**3 - 5*z**2 - 2*z - 5. Let l(i) = 3*i**3 - 4*i**2 - 2*i - 4. Let b(r) = -6*l(r) + 5*m(r). Give b(y).
2
Let u(g) = g**3 - 11*g**2 + 10*g. Suppose 13*m - 185 + 55 = 0. What is u(m)?
0
Let a(v) = -2*v**3 - 7*v**2 - v + 5. Let i(q) = q**3 + 3*q**2 + q - 2. Let s(z) = -3*a(z) - 5*i(z). What is s(-6)?
7
Let y(g) = -8*g + 1 - g + 3*g. Let x(p) = -p - 9. Let q be x(-8). What is y(q)?
7
Let i(p) = p**2 + 6*p + 4. Suppose 4*n + 0*z - 22 = 2*z, 0 = -2*n - z + 13. Suppose 4*l + k = -24, -l = 6*k - 4*k + n. Give i(l).
4
Let z = -81 + 82. Let b(s) = s**2 + 5 - 5 - 2*s. Determine b(z).
-1
Let m(i) = -3*i - 7*i**2 + 8*i**2 - 1 - 1 - 6. Let w(g) = 2*g**2 - 7*g - 17. Let r(k) = 9*m(k) - 4*w(k). Calculate r(-3).
2
Let w be (-44)/(-16) - 3/(-12). Let a(y) = -6*y + 2*y**3 + 0*y**3 - 3*y**3 - 2 - y**2 + w*y. Calculate a(-2).
8
Let a(k) = k**2 - 8*k + 6. Let m(x) = -x**2 + 9*x + 1. Let t = -14 + 24. Let s be m(t). Let z be (s/2)/((-6)/8). Give a(z).
-6
Let i(l) = l + 1. Let a = -7 + 11. Suppose u - a*u + 43 = -2*k, -2*k = -2*u + 32. Let g = u + -8. Determine i(g).
4
Let t(s) = -50*s**3 + 2 + 3*s**2 + 51*s**3 + 3*s**2. What is t(-6)?
2
Let u be 1 - 2 - (-2 + 3). Let b = 7 + u. Let o(l) = -l + 7. Let h be o(b). Let d(i) = i**3 - i**2 + i. Determine d(h).
6
Let v(k) = 6*k**3 - 5*k**2 + 4*k - 6. Let h be (14/35)/(4/10). Let m(l) = -l**3 - l + 1. Let j(q) = h*v(q) + 5*m(q). Determine j(5).
-6
Let b(t) = t. Suppose -11*u = -6*u - 10. Suppose 7*v - u*v - 7 = 3*o, -17 = 5*v + 3*o. Let f(q) = -7*q. Let p(i) = v*f(i) - 6*b(i). Determine p(5).
5
Let d = 42 - 42. Let u(q) = q**2 - q. Determine u(d).
0
Let f(d) = 3*d - 1. Let p be f(-1). Let j(s) be the first derivative of 2*s**3/3 + 5*s**2/2 + s + 5. Give j(p).
13
Suppose -5*c - 15 = s - 6, 4*s = -c + 2. Let g(z) = -2*z + 2. Determine g(c).
6
Let h(y) = y + 4. Let q = 6 - 5. Let j be (q/(-2))/(6/48). Calculate h(j).
0
Let q(r) = -r**3 + 6*r**2 - r + 6. Suppose -o + 5 = -c - 0, -o - c = -13. Let z = 15 - o. Give q(z).
0
Let k(v) = 14*v**3 - 2*v**2 - 2*v - 1. Let h be k(-1). Let p = -9 - h. Let b(d) = -d**3 + 6*d**2 - d + 7. Determine b(p).
1
Let y(f) be the third derivative of -f**5/60 - f**4/3 + 5*f**3/6 + 4*f**2 + 2*f. What is y(-9)?
-4
Suppose 9 - 18 = 3*r. Let f(c) = -c + 7. Let h be f(6). Let g(q) = -h + 0*q + q**3 - 2 + 2*q + 3*q**2. Give g(r).
-9
Suppose 0 = -x - 2, 3*x + 6 + 4 = 4*g. Let s(y) be the first derivative of -2*y**3/3 + y + 1. Calculate s(g).
-1
Let n(a) = -a**3 - a**2 + 4*a + 4. Suppose -6*s + 6 = -8*s. What is n(s)?
10
Let i be (0 + 2)/(-1) - 2. Let z be i*(5/2 + -2). Let x(c) = -2*c - 1 + 3*c + 2*c**2 + c**3 + c**2. Give x(z).
1
Let q(m) = -5*m**2 - m + 4. Let o(b) be the third derivative of -1/24*b**4 + 1/6*b**3 - 3*b**2 + 0 - 1/60*b**5 + 0*b. Let l(n) = -3*o(n) + q(n). What is l(-1)?
-3
Let k(n) be the first derivative of -n + 2 - 1/2*n**2 + n**3. What is k(2)?
9
Let x(j) = j**3 - j**2 - j - 4. Let a be ((-8)/2)/(0 - 2). Suppose 0 = 3*g + a*g. Calculate x(g).
-4
Suppose 0 = -d + 2*j - 8 + 3, 2*d - j = 2. Let h(y) = -d*y + y + y. Determine h(2).
-2
Let i(q) = -9*q**2 - q - 1. Let j(c) = -c**2 - 14*c - 14. Let l be j(-13). Determine i(l).
-9
Let t(l) = 5*l**2 + 3*l**3 + 21*l - 22*l - 2*l**3. Give t(-5).
5
Let w(q) = -q**2 - q - 6. Let r(p) = -p - 1. Let d(o) = -2*r(o) + w(o). What is d(0)?
-4
Suppose 6*q - 8 = 8*q. Let u(m) be the second derivative of 2*m - 1/12*m**4 - 2/3*m**3 + 3/2*m**2 + 0. What is u(q)?
3
Let h be (-10)/30 - 4/6. Let w(n) = 1. Let u(y) = -2*y + 3. Let k(p) = -u(p) + 2*w(p). What is k(h)?
-3
Let b(s) be the first derivative of -5*s**3/3 + 5*s**2/2 - 9*s + 1. Let r(v) = 14*v**2 - 15*v + 26. Let g(y) = -11*b(y) - 4*r(y). Determine g(4).
-1
Let l(o) = -3*o**3 + 8*o**2 - 3*o + 1. Let i(j) = -2*j**3 + 7*j**2 - 2*j. Let t(u) = 4*i(u) - 3*l(u). Let x be 3/(21/(-7)) - 4/2. Calculate t(x).
3
Suppose -c + 3 = 0, 4*z + c + 22 = 9*z. Let n(g) be the second derivative of g**3/3 + 3*g**2/2 - 53*g. Give n(z).
13
Let h(n) = -n**3 + 4*n**2 + 5*n - 7. Let o = 14 - 9. Suppose 15 - o = 2*b. Determine h(b).
-7
Let z(i) = -i**2 + i + 4. Let x be z(2). Let r(n) = -3*n - 1. Determine r(x).
-7
Let c(q) = q**2 - 4*q + 3. Let s be (-32)/112 - (-2)/7. Suppose s = -5*b + 2*b + 15. Calculate c(b).
8
Let y(k) = k**3 - 4*k**2 + 2*k + 4. Suppose -4*b = -20 + 4. Suppose -2 = a - b. Suppose -3 = -4*g + 3*t, a*g + 5 = 3*t + 2. What is y(g)?
1
Let t be (0 - (4 - 2)) + 4. Let y(z) = -6*z - 2*z**2 - 7 + 0*z**2 + z**t. Let p = -12 + 6. What is y(p)?
-7
Suppose 2*o - 4*p - 92 = 0, 0*o + 4*o - 169 = 3*p. Suppose j + o = -7*j. Let d(g) = g**3 + 6*g**2 + 6*g - 1. Give d(j).
-6
Let u(h) = 6 + 22*h**3 - 69*h**2 - 21*h**3 - 9*h + 63*h**2. Determine u(7).
-8
Suppose 3*o = -o. Let j(n) = -6 - 78*n**2 - 85*n**2 + n + 163*n**2 - n**3. Give j(o).
-6
Let y(u) = u**3 + 6*u**2 - u - 5. Suppose -i = -2*n, 0*i + 4*i + 22 = -3*n. Let v(x) = -3*x**3 - 12*x**2 + x + 10. Let o(p) = n*v(p) - 5*y(p). Give o(5).
-5
Let a(c) be the third derivative of -c**8/20160 + c**7/2520 - c**6/360 + c**5/20 + 2*c**2. Let l(x) be the third derivative of a(x). What is l(2)?
-2
Let i(a) be the second derivative of -a**4/6 - 7*a**3/6 - 5*a**2/2 + 18*a. Calculate i(-4).
-9
Let v be (-2)/(-8) + (-372)/(-48). Let c be 30/v - 3/(-12). Let y(k) = -k**3 + 6*k**2 - 6*k. What is y(c)?
8
Let z be 15/(-35) + (-64)/14. Let w(t) = -t**3 - 4*t**2 + 5*t + 5. Give w(z).
5
Let d = -9 + 9. Let z(t) be the third derivative of -t**6/120 - t**4/24 + t**3/3 + t**2. Give z(d).
2
Let i = 10 + -15. Let j(c) = 13*c - 3. Suppose 2*z + 4 + 4 = 0. Let y(x) = 6*x - 1. Let b(v) = z*j(v) + 9*y(v). Calculate b(i).
-7
Let o(c) = -5*c**2 + 11*c + 6. Let i(z) = 14*z**2 - 32*z - 17. Let s(p) = 4*i(p) + 11*o(p). Calculate s(5).
-12
Let n(p) = p**3 + 2*p**2 + p + 4. Let d = -11 - -8. Determine n(d).
-8
Let r = 6 + -3. Let b(x) be the second derivative of 2*x**3/3 - 2*x**2 + 2*x. 